 -4376*t - 351. Is c(-35) a composite number?
False
Suppose 0 = 5*g + k - 1665013, -932*g = -930*g - 2*k - 665986. Is g a composite number?
True
Is (6/(-4))/(2602620/6073368 + (-3)/7) a composite number?
False
Let n = -95 + 99. Suppose -5*u - 12650 = -5*y, -5*u - 5057 = -n*y + 2*y. Is y a composite number?
False
Is (1561525/28)/(180/144) prime?
False
Let l(x) = 3138*x**2 + 9*x + 5. Let n(a) = 3137*a**2 + 6*a + 4. Let t(d) = -2*l(d) + 3*n(d). Let v = -3 + 4. Is t(v) a prime number?
True
Suppose -2380646 = -71*w + 37*w. Is w prime?
True
Suppose 0 = -9*j + 14*j + 21310. Let k = 19708 - 13113. Let o = k + j. Is o composite?
False
Suppose -u + 4*u - 3*j - 32754 = 0, 4*u = 2*j + 43674. Let a be (-5)/((-170)/51) - (-6)/4. Suppose 4*v - 3660 - u = -3*q, a*v - 4*q - 10953 = 0. Is v composite?
True
Suppose 4*b = -3*p + 3*b + 4360, -5*p - 2*b + 7267 = 0. Let s = p + 524. Is s a composite number?
True
Suppose 0 = c + 5*p + 81 - 27, -4*p - 16 = 0. Let f = c + 41. Let s(r) = 207*r + 17. Is s(f) a prime number?
False
Suppose -22*p + 24468 - 4272 = 0. Let k = -1987 + p. Is k/((2 - 3)*1) a composite number?
False
Suppose -31*a - 7716 = -32*a. Suppose a + 6980 = 8*m. Is m a prime number?
False
Suppose -2*o + 20*o - 270 = 0. Is (-6965)/(-14)*-146*(-3)/o prime?
False
Is (648 + -14)*38/4 prime?
False
Is (40 + 35206)/((-16)/(-184)) composite?
True
Let f be -1*(-1*32228 + -1). Suppose f = -2*m + 7*m + 4*v, m - 6457 = 2*v. Is m a composite number?
False
Let x = -2581 + 588. Let j = x + 4572. Is j composite?
False
Suppose -3*f + 1090 + 1015 = -h, 2*h - 2099 = -3*f. Is f a composite number?
False
Let w(n) be the second derivative of -7/6*n**3 - 1/20*n**5 - 3*n + 1/2*n**2 + 0 - 5/6*n**4. Is w(-10) a composite number?
False
Let b = -2294 - -9108. Is b prime?
False
Suppose 81*u + 28*u - 32348252 = 30649061. Is u a prime number?
True
Let d = -5569 - -8687. Let o = d + -1803. Is o a prime number?
False
Let z = 75484 + 7479. Is z prime?
True
Suppose -18*l + 13*l = -15. Suppose -y + 24 = -l*y. Is (-49002)/(-21) - y/(-28) a composite number?
False
Suppose 27*t - 22*t = 5. Is (3 - -16703)/(2*t) a prime number?
True
Suppose c - 66 = -d - d, 198 = 3*c + d. Let r = c + 113. Suppose 4*v - r = 3*v. Is v a composite number?
False
Is (-94)/(-1175) + 9913911/175 prime?
False
Let l(h) = -1913*h**3 - 12*h**2 - 7*h - 7. Is l(-4) prime?
False
Let l(b) = 12 - b**2 + 21*b + 30 - 22. Let j be l(22). Is (737/4)/(18/8 + j) a prime number?
False
Suppose 5*b - 6996405 = -4*p, 132*p = 131*p + 5*b + 1749070. Is p composite?
True
Let o be 4 - (921189/(-12) + (-3)/12). Let j = o + -39857. Is j composite?
False
Suppose -153 = -3*u - 3*w - 18, 70 = 2*u - 2*w. Let r = -40 + u. Suppose -2*f - 3*j + 4035 = 0, r = -0*f - 3*f - 5*j + 6052. Is f a composite number?
True
Suppose 2*p = 4*s + 115994, 0 = -2*p + s - 62512 + 178503. Suppose 57995 = 5*k - r, 15*r + p = 5*k + 11*r. Is k composite?
True
Is 47255 + (150/(-24) - 70/40) composite?
True
Let x = -6 + 2. Let h(k) = k + 8. Let q be h(x). Suppose q*s - 3559 = f, 0 = 4*s - 0*f + 5*f - 3541. Is s a prime number?
False
Let m = -243 - -237. Is 15/m*(-49488)/40 composite?
True
Let x be (-1111)/((-20)/30 + 1/(-3)). Suppose -2*u + y + x = 0, 20 - 8 = 4*y. Is u composite?
False
Let h(l) = -1341*l + 62. Let p(z) = -4024*z + 183. Let s(y) = -8*h(y) + 3*p(y). Is s(-2) a composite number?
False
Let r(f) = f**3 + 4*f**2 + 4*f - 1. Let y be r(-3). Let p = -1787 - -1803. Is (-38*y/p)/(1/10) composite?
True
Let a(s) = -5*s - 9. Let m be a(-13). Let o be 7/m*-2 + (-14)/8. Is ((-1138)/o + 2)*(5 - 4) composite?
False
Let j = 54 + -38. Let v be (-4)/j + 1345/(-20)*7. Let a = v + 950. Is a a composite number?
False
Let b(v) = -63*v**2 + 13*v - 33. Let t be b(4). Let y = -778 - t. Is y prime?
True
Suppose 32*o = -4*h + 37*o + 693647, 4*h - 693654 = -2*o. Is h a composite number?
True
Let q(t) be the first derivative of 3*t**4/2 - t**3/3 - 5*t**2 + 3*t - 11. Is q(6) prime?
False
Let y = 132120 - 74744. Let w = y - 35033. Is w composite?
False
Is (12 - 1) + -3 - (-218820 + (5 - -2)) a prime number?
False
Is -11 - -18205 - (-2 - (-11 - -6)) a composite number?
False
Is (-2)/9 + 11 + (-16535370)/(-135) prime?
False
Let x = -111 - -120. Suppose 0 = 7*n - x*n. Suppose -2*b = 2*d - 376, n = -0*d - d + 1. Is b a composite number?
True
Let m(j) = -1818*j**3 + 64*j**2 + 27*j + 139. Is m(-10) composite?
False
Is (6/4)/((93/(-1451278))/(-31)) a prime number?
True
Let u(c) = 6114*c**2 + 54*c + 499. Is u(-7) composite?
True
Suppose 95*v - 217687 - 10374960 = 3904068. Is v a composite number?
False
Suppose -4 = 3*a + b, 5*b + 20 = 3*a - 4*a. Suppose 16*v + 33*v - 209671 = a. Is v a composite number?
True
Suppose 94 = 3*l + 2*l + 2*j, 32 = 2*l - 2*j. Let q be (60/l - 2)/((-2)/(-9)). Is (-3859)/(-7) - (q + (-40)/7) a prime number?
False
Suppose x - 4*i - 24 = -5, 5*x - 4*i = 15. Is (x/5)/(9/(-41355)) composite?
False
Let z(i) = -i**3 + 52*i**2 + 9*i - 58. Let r be z(27). Let c = r - 10801. Is c a prime number?
False
Let l be 488/56 - -2*3/21. Suppose 5*s + 4*y - l*y = 23480, 3*s = 4*y + 14093. Is s composite?
False
Suppose 17*o - 721652 - 2115698 = -37569. Is o prime?
False
Let d(a) = -a**3 - 14*a**2 - 13*a + 3. Let k(v) = -2*v**2 - 14*v + 3. Let x be k(-8). Let t be d(x). Suppose -t*m - 3*m = -1518. Is m a composite number?
True
Let z be (7 - 7)*(-5)/25. Suppose 5*l + 5*u - 48240 = -z*u, 2*l + u - 19291 = 0. Is l a composite number?
False
Let a(z) = 509*z + 353. Let d(w) = 762*w + 529. Let y(f) = -8*a(f) + 5*d(f). Is y(-12) a composite number?
True
Suppose 17*t - 15 + 49 = 0. Is t/(-5) + (335277/(-15))/(-3) a prime number?
True
Suppose 8*b - 211574 = 87*b - 2302941. Is b composite?
True
Suppose -s = 2*q - 12693, -3*q - 182*s = -187*s - 19072. Is q a composite number?
True
Suppose -2*r + 2080354 = -4*x, 86419 + 953718 = r + 3*x. Is r prime?
True
Is ((1210389/6)/(-1))/((-10)/20) a prime number?
False
Suppose 2*n + 2*o = 6*o + 4862, -4*n + 9735 = 3*o. Suppose -n = -c + 12*i - 7*i, 5*i = -3*c + 7379. Is c composite?
True
Let x = -2262 - 709. Let t = 6960 + x. Is t composite?
False
Let l be 11/5 - (15 - 888/60). Suppose 1107 = 2*g + p, 1112 = -3*g + 5*g + l*p. Is g a composite number?
True
Let s = -54 - -59. Let w be 45228/30 + 2/s. Suppose w = 3*c - 5*a, 4*c - 3*a = -c + 2508. Is c composite?
True
Let b be (-3 + (-5)/(-2))/((-7)/(-57498)). Let o = b + 8372. Is o composite?
True
Let k = 70 - 70. Suppose -5257 = -k*v - v. Is v composite?
True
Suppose -66*i = -81*i + 1333231 + 1659824. Is i composite?
True
Is 45651 + 1/(-4) + 1457/(-188) a prime number?
False
Let c(n) = -6*n - 1648 + 11*n**2 + 3367 - 2*n**3 - 1666. Is c(-12) a composite number?
True
Let z(r) = 570*r**2 + 227 + 6*r - 78*r**2 - 232. Is z(1) prime?
False
Let q(u) = u**2 + 4*u - 7. Let r be q(-5). Let y be (-446)/(r*4/104). Let g = y + -2349. Is g a prime number?
True
Let k(y) = 343*y**2 - 383*y - 10. Is k(-8) a prime number?
False
Let r(x) = 25338*x**2 - 20*x + 35. Is r(2) prime?
True
Suppose 3*p = -951 - 3912. Let q = -876 - p. Is q prime?
False
Let z(p) = -p**3 - 24*p**2 - p + 87. Suppose 3*q - 4*y + 50 = -22, -3*y = -q - 19. Is z(q) prime?
True
Let g(c) = -77*c + 9. Let h be -4*((-34)/(-72) - (-6)/(-27)). Let v = -15 - h. Is g(v) a prime number?
True
Let o = 339979 + 26670. Is o a composite number?
True
Suppose -1033501 = -5*d + q, 2*d - 4*q + 6*q - 413386 = 0. Is d a composite number?
False
Suppose 79*a - 1170784 = 47*a. Is a a prime number?
True
Let b(j) = j**3 - 16*j**2 - 125*j + 55. Suppose -66*o + 58*o = -232. Is b(o) a prime number?
False
Suppose 8580 = -50*a - 16*a. Is 65/a*(-19960 - -2) prime?
False
Let b = 120 + 10101. Is b a composite number?
True
Suppose 0 = -28*g + 1919929 + 2231883. Is g a prime number?
True
Suppose 4*i = 3*a - 309, a - 78 = -2*i + 3*i. Let n = 71 + i. Is (202/n)/(((-39)/30)/13) a prime number?
False
Let p(q) = 9 - 9 + 3 - 4*q**2 + 2*q. Let l be p(0). Suppose -l*f = -d - 4952, -f - d = -3*f + 3303. Is f prime?
False
Suppose -18*m = r - 22*m - 9247, -2*r - 2*m = -18444. Is r prime?
True
Let a(k) = -11*k - 68. Let d be a(-6). Is ((-4)/(-10))/(d*(-4)/335740) a prime number?
True
Suppose -m = o + 4*o - 10, 5*m - 8 = -4*o. Suppose m = -5*f + 2*s - 0*s + 2055, 0 = f + 4*s - 389. Is f a prime number?
True
L